re the prime factors of 14169?
3, 4723
List the prime factors of 197653.
239, 827
List the prime factors of 2670.
2, 3, 5, 89
What are the prime factors of 14450?
2, 5, 17
What are the prime factors of 14430?
2, 3, 5, 13, 37
List the prime factors of 6625.
5, 53
What are the prime factors of 7490?
2, 5, 7, 107
What are the prime factors of 47631?
3, 15877
List the prime factors of 46031.
191, 241
List the prime factors of 23404.
2, 5851
What are the prime factors of 873?
3, 97
What are the prime factors of 71?
71
What are the prime factors of 1760?
2, 5, 11
What are the prime factors of 1186?
2, 593
List the prime factors of 13340.
2, 5, 23, 29
What are the prime factors of 3306?
2, 3, 19, 29
List the prime factors of 48793.
59, 827
What are the prime factors of 1206?
2, 3, 67
List the prime factors of 13316.
2, 3329
What are the prime factors of 613?
613
What are the prime factors of 23578?
2, 11789
List the prime factors of 15229.
97, 157
What are the prime factors of 139344?
2, 3, 2903
What are the prime factors of 9900?
2, 3, 5, 11
What are the prime factors of 867?
3, 17
What are the prime factors of 5840?
2, 5, 73
What are the prime factors of 88528?
2, 11, 503
List the prime factors of 12008.
2, 19, 79
List the prime factors of 8984.
2, 1123
List the prime factors of 928.
2, 29
What are the prime factors of 1434?
2, 3, 239
What are the prime factors of 47321?
79, 599
List the prime factors of 12304.
2, 769
List the prime factors of 2406.
2, 3, 401
What are the prime factors of 359?
359
List the prime factors of 3511.
3511
What are the prime factors of 137?
137
List the prime factors of 3842.
2, 17, 113
List the prime factors of 157.
157
List the prime factors of 72686.
2, 36343
List the prime factors of 9479.
9479
What are the prime factors of 18549?
3, 229
What are the prime factors of 21775?
5, 13, 67
What are the prime factors of 1717?
17, 101
List the prime factors of 57843.
3, 6427
List the prime factors of 2191.
7, 313
What are the prime factors of 3880?
2, 5, 97
List the prime factors of 3006.
2, 3, 167
What are the prime factors of 1957?
19, 103
What are the prime factors of 1597?
1597
List the prime factors of 1392.
2, 3, 29
List the prime factors of 424.
2, 53
What are the prime factors of 2239?
2239
What are the prime factors of 200?
2, 5
What are the prime factors of 1943?
29, 67
List the prime factors of 31476.
2, 3, 43, 61
What are the prime factors of 4856?
2, 607
List the prime factors of 601.
601
What are the prime factors of 583?
11, 53
What are the prime factors of 79005?
3, 5, 23, 229
What are the prime factors of 6972?
2, 3, 7, 83
What are the prime factors of 390?
2, 3, 5, 13
What are the prime factors of 34512?
2, 3, 719
What are the prime factors of 11171?
11171
List the prime factors of 19208.
2, 7
List the prime factors of 1492.
2, 373
List the prime factors of 3422.
2, 29, 59
List the prime factors of 1672.
2, 11, 19
List the prime factors of 1658.
2, 829
List the prime factors of 1028.
2, 257
List the prime factors of 4257.
3, 11, 43
List the prime factors of 19723.
11, 163
What are the prime factors of 51?
3, 17
List the prime factors of 1081.
23, 47
List the prime factors of 1994.
2, 997
What are the prime factors of 101890?
2, 5, 23, 443
List the prime factors of 2514.
2, 3, 419
List the prime factors of 107526.
2, 3, 17921
List the prime factors of 870.
2, 3, 5, 29
List the prime factors of 2454.
2, 3, 409
List the prime factors of 5330.
2, 5, 13, 41
List the prime factors of 1591.
37, 43
List the prime factors of 100884.
2, 3, 7, 1201
List the prime factors of 59604.
2, 3, 4967
What are the prime factors of 149151?
3, 83, 599
List the prime factors of 1552.
2, 97
List the prime factors of 4549.
4549
What are the prime factors of 2685?
3, 5, 179
What are the prime factors of 34?
2, 17
List the prime factors of 16639.
7, 2377
List the prime factors of 879.
3, 293
What are the prime factors of 37534?
2, 7, 383
What are the prime factors of 37949?
137, 277
List the prime factors of 4078.
2, 2039
List the prime factors of 1155.
3, 5, 7, 11
List the prime factors of 114939.
3, 11, 43
List the prime factors of 28571.
28571
What are the prime factors of 6748?
2, 7, 241
What are the prime factors of 2325?
3, 5, 31
What are the prime factors of 3524?
2, 881
What are the prime factors of 2063?
2063
What are the prime factors of 42599?
41, 1039
What are the prime factors of 12529?
11, 17, 67
List the prime factors of 21302.
2, 10651
List the prime factors of 2490.
2, 3, 5, 83
List the prime factors of 12655.
5, 2531
What are the prime factors of 2910?
2, 3, 5, 97
List the prime factors of 3882.
2, 3, 647
List the prime factors of 2708.
2, 677
What are the prime factors of 1051?
1051
List the prime factors of 65382.
2, 3, 17, 641
List the prime factors of 856.
2, 107
List the prime factors of 4716.
2, 3, 131
List the prime factors of 59553.
3, 13, 509
What are the prime factors of 26758?
2, 17, 787
List the prime factors of 7981.
23, 347
What are the prime factors of 25956?
2, 3, 7, 103
List the prime factors of 24296.
2, 3037
List the prime factors of 6587.
7, 941
List the prime factors of 53181.
3, 19, 311
List the prime factors of 25377.
3, 11, 769
What are the prime factors of 1496?
2, 11, 17
What are the prime factors of 399?
3, 7, 19
List the prime factors of 5394.
2, 3, 29, 31
What are the prime factors of 44375?
5, 71
List the prime factors of 8763.
3, 23, 127
List the prime factors of 3432.
2, 3, 11, 13
List the prime factors of 34977.
3, 89, 131
What are the prime factors of 10880?
2, 5, 17
List the prime factors of 3112.
2, 389
What are the prime factors of 12267?
3, 29, 47
What are the prime factors of 761?
761
What are the prime factors of 201?
3, 67
What are the prime factors of 854?
2, 7, 61
What are the prime factors of 1087?
1087
What are the prime factors of 50707?
50707
List the prime factors of 2533.
17, 149
What are the prime factors of 3063?
3, 1021
What are the prime factors of 1421?
7, 29
List the prime factors of 444.
2, 3, 37
List the prime factors of 2555.
5, 7, 73
List the prime factors of 5615.
5, 1123
What are the prime factors of 691?
691
What are the prime factors of 7848?
2, 3, 109
List the prime factors of 991.
991
List the prime factors of 1039.
1039
List the prime factors of 11138.
2, 5569
What are the prime factors of 1759?
1759
What are the prime factors of 23825?
5, 953
What are the prime factors of 8486?
2, 4243
What are the prime factors of 5608?
2, 701
What are the prime factors of 58743?
3, 61, 107
List the prime factors of 4998.
2, 3, 7, 17
What are the prime factors of 9278?
2, 4639
What are the prime factors of 3283?
7, 67
List the prime factors of 9560.
2, 5, 239
What are the prime factors of 46216?
2, 53, 109
What are the prime factors of 1371?
3, 457
What are the prime factors of 2711?
2711
What are the prime factors of 13744?
2, 859
What are the prime factors of 5398?
2, 2699
What are the prime factors of 1820?
2, 5, 7, 13
List the prime factors of 4939.
11, 449
List the prime factors of 40421.
83, 487
What are the prime factors of 9834?
2, 3, 11, 149
What are the prime factors of 1050?
2, 3, 5, 7
List the prime factors of 685.
5, 137
What are the prime factors of 118393?
11, 47, 229
What are the prime factors of 802?
2, 401
What are the prime factors of 11416?
2, 1427
What are the prime factors of 4573?
17, 269
List the prime factors of 11228.
2, 7, 401
List the prime factors of 3260.
2, 5, 163
What are the prime factors of 24876?
2, 3, 691
What are the prime factors of 2478?
2, 3, 7, 59
List the prime factors of 96857.
96857
List the prime factors of 138758.
2, 69379
What are the prime factors of 32533?
32533
List the prime factors of 1494.
2, 3, 83
What are the prime factors of 31422?
2, 3, 5237
List the prime factors of 3110.
2, 5, 311
What are the prime factors of 922?
2, 461
List the prime factors of 47503.
67, 709
List the prime factors of 14105.
5, 7, 13, 31
List the prime factors of 984.
2, 3, 41
List the prime factors of 786.
2, 3, 131
What are the prime factors of 12637?
12637
What are the prime factors of 33259?
79, 421
What are the prime factors of 143?
11, 13
List the prime factors of 9900.
2, 3, 5, 11
List the prime factors of 121750.
2, 5, 487
Lis